[INFO] cloning repository https://github.com/Shoggoth269/Final-Fantasy-VII-Trainer
[INFO] running `Command { std: "git" "-c" "credential.helper=" "-c" "credential.helper=/workspace/cargo-home/bin/git-credential-null" "clone" "--bare" "https://github.com/Shoggoth269/Final-Fantasy-VII-Trainer" "/workspace/cache/git-repos/https%3A%2F%2Fgithub.com%2FShoggoth269%2FFinal-Fantasy-VII-Trainer", kill_on_drop: false }`
[INFO] [stderr] Cloning into bare repository '/workspace/cache/git-repos/https%3A%2F%2Fgithub.com%2FShoggoth269%2FFinal-Fantasy-VII-Trainer'...
[INFO] running `Command { std: "git" "rev-parse" "HEAD", kill_on_drop: false }`
[INFO] [stdout] 34119a1f4a08617ac416f2bcec0a72d4603f55d7
[INFO] checking Shoggoth269/Final-Fantasy-VII-Trainer against try#72f88fc4e9458f89516a0b8b0868f3718aec5b47 for pr-74989
[INFO] running `Command { std: "git" "clone" "/workspace/cache/git-repos/https%3A%2F%2Fgithub.com%2FShoggoth269%2FFinal-Fantasy-VII-Trainer" "/workspace/builds/worker-14/source", kill_on_drop: false }`
[INFO] [stderr] Cloning into '/workspace/builds/worker-14/source'...
[INFO] [stderr] done.
[INFO] validating manifest of git repo https://github.com/Shoggoth269/Final-Fantasy-VII-Trainer on toolchain 72f88fc4e9458f89516a0b8b0868f3718aec5b47
[INFO] running `Command { std: "/workspace/cargo-home/bin/cargo" "+72f88fc4e9458f89516a0b8b0868f3718aec5b47" "read-manifest" "--manifest-path" "Cargo.toml", kill_on_drop: false }`
[INFO] started tweaking git repo https://github.com/Shoggoth269/Final-Fantasy-VII-Trainer
[INFO] finished tweaking git repo https://github.com/Shoggoth269/Final-Fantasy-VII-Trainer
[INFO] tweaked toml for git repo https://github.com/Shoggoth269/Final-Fantasy-VII-Trainer written to /workspace/builds/worker-14/source/Cargo.toml
[INFO] crate git repo https://github.com/Shoggoth269/Final-Fantasy-VII-Trainer already has a lockfile, it will not be regenerated
[INFO] running `Command { std: "/workspace/cargo-home/bin/cargo" "+72f88fc4e9458f89516a0b8b0868f3718aec5b47" "fetch" "--locked" "--manifest-path" "Cargo.toml", kill_on_drop: false }`
[INFO] [stderr]     Blocking waiting for file lock on package cache
[INFO] [stderr]  Downloading crates ...
[INFO] [stderr]   Downloaded rust-ini v0.13.0
[INFO] [stderr]   Downloaded serde_test v0.8.23
[INFO] [stderr]   Downloaded yaml-rust v0.4.4
[INFO] [stderr]   Downloaded serde-hjson v0.9.1
[INFO] [stderr]   Downloaded linked-hash-map v0.3.0
[INFO] [stderr]   Downloaded config v0.10.1
[INFO] running `Command { std: "docker" "create" "-v" "/var/lib/crater-agent-workspace/builds/worker-14/target:/opt/rustwide/target:rw,Z" "-v" "/var/lib/crater-agent-workspace/builds/worker-14/source:/opt/rustwide/workdir:ro,Z" "-v" "/var/lib/crater-agent-workspace/cargo-home:/opt/rustwide/cargo-home:ro,Z" "-v" "/var/lib/crater-agent-workspace/rustup-home:/opt/rustwide/rustup-home:ro,Z" "-e" "SOURCE_DIR=/opt/rustwide/workdir" "-e" "CARGO_TARGET_DIR=/opt/rustwide/target" "-e" "CARGO_HOME=/opt/rustwide/cargo-home" "-e" "RUSTUP_HOME=/opt/rustwide/rustup-home" "-w" "/opt/rustwide/workdir" "-m" "1610612736" "--user" "0:0" "--network" "none" "rustops/crates-build-env@sha256:d92eaeed33fa75130ca1ee6c8a01d1ffb62bac859dfdfb3450e3e5d1c0146529" "/opt/rustwide/cargo-home/bin/cargo" "+72f88fc4e9458f89516a0b8b0868f3718aec5b47" "metadata" "--no-deps" "--format-version=1", kill_on_drop: false }`
[INFO] [stdout] 3fb9bc9b731fb38f9793bc9ebbb7e7e23eeb8c6e7f9b564d1626c111ac5604f5
[INFO] [stderr] WARNING: Your kernel does not support swap limit capabilities or the cgroup is not mounted. Memory limited without swap.
[INFO] running `Command { std: "docker" "start" "-a" "3fb9bc9b731fb38f9793bc9ebbb7e7e23eeb8c6e7f9b564d1626c111ac5604f5", kill_on_drop: false }`
[INFO] running `Command { std: "docker" "inspect" "3fb9bc9b731fb38f9793bc9ebbb7e7e23eeb8c6e7f9b564d1626c111ac5604f5", kill_on_drop: false }`
[INFO] running `Command { std: "docker" "rm" "-f" "3fb9bc9b731fb38f9793bc9ebbb7e7e23eeb8c6e7f9b564d1626c111ac5604f5", kill_on_drop: false }`
[INFO] [stdout] 3fb9bc9b731fb38f9793bc9ebbb7e7e23eeb8c6e7f9b564d1626c111ac5604f5
[INFO] running `Command { std: "docker" "create" "-v" "/var/lib/crater-agent-workspace/builds/worker-14/target:/opt/rustwide/target:rw,Z" "-v" "/var/lib/crater-agent-workspace/builds/worker-14/source:/opt/rustwide/workdir:ro,Z" "-v" "/var/lib/crater-agent-workspace/cargo-home:/opt/rustwide/cargo-home:ro,Z" "-v" "/var/lib/crater-agent-workspace/rustup-home:/opt/rustwide/rustup-home:ro,Z" "-e" "SOURCE_DIR=/opt/rustwide/workdir" "-e" "CARGO_TARGET_DIR=/opt/rustwide/target" "-e" "CARGO_INCREMENTAL=0" "-e" "RUST_BACKTRACE=full" "-e" "RUSTFLAGS=--cap-lints=forbid" "-e" "CARGO_HOME=/opt/rustwide/cargo-home" "-e" "RUSTUP_HOME=/opt/rustwide/rustup-home" "-w" "/opt/rustwide/workdir" "-m" "1610612736" "--user" "0:0" "--network" "none" "rustops/crates-build-env@sha256:d92eaeed33fa75130ca1ee6c8a01d1ffb62bac859dfdfb3450e3e5d1c0146529" "/opt/rustwide/cargo-home/bin/cargo" "+72f88fc4e9458f89516a0b8b0868f3718aec5b47" "check" "--frozen" "--all" "--all-targets" "--message-format=json", kill_on_drop: false }`
[INFO] [stdout] 930b0ecaeb3649b714c58a492cff798b6c147f6efe764008ac68fe93b365a4f6
[INFO] [stderr] WARNING: Your kernel does not support swap limit capabilities or the cgroup is not mounted. Memory limited without swap.
[INFO] running `Command { std: "docker" "start" "-a" "930b0ecaeb3649b714c58a492cff798b6c147f6efe764008ac68fe93b365a4f6", kill_on_drop: false }`
[INFO] [stderr]     Checking cfg-if v0.1.10
[INFO] [stderr]    Compiling proc-macro2 v1.0.18
[INFO] [stderr]    Compiling unicode-xid v0.2.0
[INFO] [stderr]    Compiling bitflags v1.2.1
[INFO] [stderr]    Compiling syn v1.0.33
[INFO] [stderr]    Compiling autocfg v1.0.0
[INFO] [stderr]    Compiling log v0.4.8
[INFO] [stderr]     Checking lazy_static v1.4.0
[INFO] [stderr]     Checking slab v0.4.2
[INFO] [stderr]     Checking static_assertions v1.1.0
[INFO] [stderr]     Checking linked-hash-map v0.5.3
[INFO] [stderr]    Compiling winapi v0.3.8
[INFO] [stderr]     Checking lazycell v1.2.1
[INFO] [stderr]     Checking serde_test v0.8.23
[INFO] [stderr]    Compiling nom v5.1.2
[INFO] [stderr]     Checking inotify-sys v0.1.3
[INFO] [stderr]     Checking net2 v0.2.34
[INFO] [stderr]     Checking filetime v0.2.10
[INFO] [stderr]     Checking thread_local v1.0.1
[INFO] [stderr]     Checking yaml-rust v0.4.4
[INFO] [stderr]     Checking regex v1.3.9
[INFO] [stderr]    Compiling num-traits v0.2.12
[INFO] [stderr]     Checking linked-hash-map v0.3.0
[INFO] [stderr]     Checking lexical-core v0.7.4
[INFO] [stderr]     Checking inotify v0.7.1
[INFO] [stderr]     Checking mio v0.6.22
[INFO] [stderr]    Compiling quote v1.0.7
[INFO] [stderr]     Checking mio-extras v2.0.6
[INFO] [stderr]     Checking notify v4.0.15
[INFO] [stderr]     Checking num-traits v0.1.43
[INFO] [stderr]     Checking serde-hjson v0.9.1
[INFO] [stderr]    Compiling serde_derive v1.0.114
[INFO] [stderr]     Checking serde v1.0.114
[INFO] [stderr]     Checking serde_json v1.0.55
[INFO] [stderr]     Checking toml v0.5.6
[INFO] [stderr]     Checking config v0.10.1
[INFO] [stderr]     Checking final_fantasy_vii_trainer v0.1.0 (/opt/rustwide/workdir)
[INFO] [stdout] error[E0433]: failed to resolve: could not find `um` in `winapi`
[INFO] [stdout]    --> src/main.rs:230:17
[INFO] [stdout]     |
[INFO] [stdout] 230 |     use winapi::um::winuser::{VK_LCONTROL, VK_NUMPAD9};
[INFO] [stdout]     |                 ^^ could not find `um` in `winapi`
[INFO] [stdout] 
[INFO] [stdout] 
[INFO] [stdout] error[E0433]: failed to resolve: could not find `um` in `winapi`
[INFO] [stdout]    --> src/main.rs:541:17
[INFO] [stdout]     |
[INFO] [stdout] 541 |     use winapi::um::winuser::{VK_LCONTROL, /*VK_LMENU,*/ /*VK_LSHIFT,*/ VK_NUMPAD8};
[INFO] [stdout]     |                 ^^ could not find `um` in `winapi`
[INFO] [stdout] 
[INFO] [stdout] 
[INFO] [stdout] error[E0433]: failed to resolve: could not find `ctypes` in `winapi`
[INFO] [stdout]   --> src/main.rs:40:30
[INFO] [stdout]    |
[INFO] [stdout] 40 |         handle: *mut winapi::ctypes::c_void,
[INFO] [stdout]    |                              ^^^^^^ could not find `ctypes` in `winapi`
[INFO] [stdout] 
[INFO] [stdout] 
[INFO] [stdout] error[E0433]: failed to resolve: could not find `ctypes` in `winapi`
[INFO] [stdout]    --> src/main.rs:109:30
[INFO] [stdout]     |
[INFO] [stdout] 109 |         handle: *mut winapi::ctypes::c_void,
[INFO] [stdout]     |                              ^^^^^^ could not find `ctypes` in `winapi`
[INFO] [stdout] 
[INFO] [stdout] 
[INFO] [stdout] error[E0433]: failed to resolve: could not find `ctypes` in `winapi`
[INFO] [stdout]    --> src/main.rs:131:30
[INFO] [stdout]     |
[INFO] [stdout] 131 |         handle: *mut winapi::ctypes::c_void,
[INFO] [stdout]     |                              ^^^^^^ could not find `ctypes` in `winapi`
[INFO] [stdout] 
[INFO] [stdout] 
[INFO] [stdout] error[E0433]: failed to resolve: could not find `um` in `winapi`
[INFO] [stdout]    --> src/main.rs:240:22
[INFO] [stdout]     |
[INFO] [stdout] 240 |     unsafe { winapi::um::winuser::GetAsyncKeyState(input) & ((0x8000u16) as i16) != 0 }
[INFO] [stdout]     |                      ^^ could not find `um` in `winapi`
[INFO] [stdout] 
[INFO] [stdout] 
[INFO] [stdout] error[E0433]: failed to resolve: could not find `um` in `winapi`
[INFO] [stdout]    --> src/main.rs:244:22
[INFO] [stdout]     |
[INFO] [stdout] 244 |     unsafe { winapi::um::winuser::GetAsyncKeyState(input) & 1 != 0 }
[INFO] [stdout]     |                      ^^ could not find `um` in `winapi`
[INFO] [stdout] 
[INFO] [stdout] 
[INFO] [stdout] error[E0433]: failed to resolve: could not find `ctypes` in `winapi`
[INFO] [stdout]    --> src/main.rs:249:27
[INFO] [stdout]     |
[INFO] [stdout] 249 | ) -> Result<(*mut winapi::ctypes::c_void, u32), String> {
[INFO] [stdout]     |                           ^^^^^^ could not find `ctypes` in `winapi`
[INFO] [stdout] 
[INFO] [stdout] 
[INFO] [stdout] error[E0433]: failed to resolve: could not find `um` in `winapi`
[INFO] [stdout]    --> src/main.rs:251:33
[INFO] [stdout]     |
[INFO] [stdout] 251 |     let hwnd = unsafe { winapi::um::winuser::FindWindowA(std::ptr::null(), game_name.as_ptr()) };
[INFO] [stdout]     |                                 ^^ could not find `um` in `winapi`
[INFO] [stdout] 
[INFO] [stdout] 
[INFO] [stdout] error[E0433]: failed to resolve: could not find `um` in `winapi`
[INFO] [stdout]    --> src/main.rs:256:30
[INFO] [stdout]     |
[INFO] [stdout] 256 |             unsafe { winapi::um::errhandlingapi::GetLastError() }
[INFO] [stdout]     |                              ^^ could not find `um` in `winapi`
[INFO] [stdout] 
[INFO] [stdout] 
[INFO] [stdout] error[E0433]: failed to resolve: could not find `um` in `winapi`
[INFO] [stdout]    --> src/main.rs:264:22
[INFO] [stdout]     |
[INFO] [stdout] 264 |     unsafe { winapi::um::winuser::GetWindowThreadProcessId(hwnd, &mut proc_id) };
[INFO] [stdout]     |                      ^^ could not find `um` in `winapi`
[INFO] [stdout] 
[INFO] [stdout] 
[INFO] [stdout] error[E0433]: failed to resolve: could not find `um` in `winapi`
[INFO] [stdout]    --> src/main.rs:268:17
[INFO] [stdout]     |
[INFO] [stdout] 268 |         winapi::um::processthreadsapi::OpenProcess(
[INFO] [stdout]     |                 ^^ could not find `um` in `winapi`
[INFO] [stdout] 
[INFO] [stdout] 
[INFO] [stdout] error[E0433]: failed to resolve: could not find `um` in `winapi`
[INFO] [stdout]    --> src/main.rs:269:21
[INFO] [stdout]     |
[INFO] [stdout] 269 |             winapi::um::winnt::PROCESS_VM_READ
[INFO] [stdout]     |                     ^^ could not find `um` in `winapi`
[INFO] [stdout] 
[INFO] [stdout] 
[INFO] [stdout] error[E0433]: failed to resolve: could not find `um` in `winapi`
[INFO] [stdout]    --> src/main.rs:270:27
[INFO] [stdout]     |
[INFO] [stdout] 270 |                 | winapi::um::winnt::PROCESS_VM_WRITE
[INFO] [stdout]     |                           ^^ could not find `um` in `winapi`
[INFO] [stdout] 
[INFO] [stdout] 
[INFO] [stdout] error[E0433]: failed to resolve: could not find `um` in `winapi`
[INFO] [stdout]    --> src/main.rs:271:27
[INFO] [stdout]     |
[INFO] [stdout] 271 |                 | winapi::um::winnt::PROCESS_VM_OPERATION,
[INFO] [stdout]     |                           ^^ could not find `um` in `winapi`
[INFO] [stdout] 
[INFO] [stdout] 
[INFO] [stdout] error[E0433]: failed to resolve: could not find `um` in `winapi`
[INFO] [stdout]    --> src/main.rs:280:30
[INFO] [stdout]     |
[INFO] [stdout] 280 |             unsafe { winapi::um::errhandlingapi::GetLastError() }
[INFO] [stdout]     |                              ^^ could not find `um` in `winapi`
[INFO] [stdout] 
[INFO] [stdout] 
[INFO] [stdout] error[E0433]: failed to resolve: could not find `um` in `winapi`
[INFO] [stdout]    --> src/main.rs:288:30
[INFO] [stdout]     |
[INFO] [stdout] 288 |             unsafe { winapi::um::errhandlingapi::GetLastError() }
[INFO] [stdout]     |                              ^^ could not find `um` in `winapi`
[INFO] [stdout] 
[INFO] [stdout] 
[INFO] [stdout] error[E0433]: failed to resolve: could not find `um` in `winapi`
[INFO] [stdout]    --> src/main.rs:301:21
[INFO] [stdout]     |
[INFO] [stdout] 301 |     handle: winapi::um::winnt::HANDLE,
[INFO] [stdout]     |                     ^^ could not find `um` in `winapi`
[INFO] [stdout] 
[INFO] [stdout] 
[INFO] [stdout] error[E0433]: failed to resolve: could not find `um` in `winapi`
[INFO] [stdout]    --> src/main.rs:308:17
[INFO] [stdout]     |
[INFO] [stdout] 308 |         winapi::um::memoryapi::ReadProcessMemory(
[INFO] [stdout]     |                 ^^ could not find `um` in `winapi`
[INFO] [stdout] 
[INFO] [stdout] 
[INFO] [stdout] error[E0433]: failed to resolve: could not find `um` in `winapi`
[INFO] [stdout]    --> src/main.rs:320:25
[INFO] [stdout]     |
[INFO] [stdout] 320 |                 winapi::um::errhandlingapi::GetLastError()
[INFO] [stdout]     |                         ^^ could not find `um` in `winapi`
[INFO] [stdout] 
[INFO] [stdout] 
[INFO] [stdout] error[E0433]: failed to resolve: could not find `um` in `winapi`
[INFO] [stdout]    --> src/main.rs:330:21
[INFO] [stdout]     |
[INFO] [stdout] 330 |     handle: winapi::um::winnt::HANDLE,
[INFO] [stdout]     |                     ^^ could not find `um` in `winapi`
[INFO] [stdout] 
[INFO] [stdout] 
[INFO] [stdout] error[E0433]: failed to resolve: could not find `um` in `winapi`
[INFO] [stdout]    --> src/main.rs:337:17
[INFO] [stdout]     |
[INFO] [stdout] 337 |         winapi::um::memoryapi::WriteProcessMemory(
[INFO] [stdout]     |                 ^^ could not find `um` in `winapi`
[INFO] [stdout] 
[INFO] [stdout] 
[INFO] [stdout] error[E0433]: failed to resolve: could not find `um` in `winapi`
[INFO] [stdout]    --> src/main.rs:349:25
[INFO] [stdout]     |
[INFO] [stdout] 349 |                 winapi::um::errhandlingapi::GetLastError()
[INFO] [stdout]     |                         ^^ could not find `um` in `winapi`
[INFO] [stdout] 
[INFO] [stdout] 
[INFO] [stdout] error[E0433]: failed to resolve: could not find `um` in `winapi`
[INFO] [stdout]    --> src/main.rs:359:17
[INFO] [stdout]     |
[INFO] [stdout] 359 |         winapi::um::tlhelp32::CreateToolhelp32Snapshot(
[INFO] [stdout]     |                 ^^ could not find `um` in `winapi`
[INFO] [stdout] 
[INFO] [stdout] 
[INFO] [stdout] error[E0433]: failed to resolve: could not find `um` in `winapi`
[INFO] [stdout]    --> src/main.rs:360:21
[INFO] [stdout]     |
[INFO] [stdout] 360 |             winapi::um::tlhelp32::TH32CS_SNAPMODULE | winapi::um::tlhelp32::TH32CS_SNAPMODULE32,
[INFO] [stdout]     |                     ^^ could not find `um` in `winapi`
[INFO] [stdout] 
[INFO] [stdout] 
[INFO] [stdout] error[E0433]: failed to resolve: could not find `um` in `winapi`
[INFO] [stdout]    --> src/main.rs:360:63
[INFO] [stdout]     |
[INFO] [stdout] 360 |             winapi::um::tlhelp32::TH32CS_SNAPMODULE | winapi::um::tlhelp32::TH32CS_SNAPMODULE32,
[INFO] [stdout]     |                                                               ^^ could not find `um` in `winapi`
[INFO] [stdout] 
[INFO] [stdout] 
[INFO] [stdout] error[E0433]: failed to resolve: could not find `um` in `winapi`
[INFO] [stdout]    --> src/main.rs:365:30
[INFO] [stdout]     |
[INFO] [stdout] 365 |     if h_snapshot != winapi::um::handleapi::INVALID_HANDLE_VALUE {
[INFO] [stdout]     |                              ^^ could not find `um` in `winapi`
[INFO] [stdout] 
[INFO] [stdout] 
[INFO] [stdout] error[E0433]: failed to resolve: could not find `um` in `winapi`
[INFO] [stdout]    --> src/main.rs:366:42
[INFO] [stdout]     |
[INFO] [stdout] 366 |         let mut module_entry_32: winapi::um::tlhelp32::MODULEENTRY32 =
[INFO] [stdout]     |                                          ^^ could not find `um` in `winapi`
[INFO] [stdout] 
[INFO] [stdout] 
[INFO] [stdout] error[E0433]: failed to resolve: could not find `um` in `winapi`
[INFO] [stdout]    --> src/main.rs:367:21
[INFO] [stdout]     |
[INFO] [stdout] 367 |             winapi::um::tlhelp32::MODULEENTRY32::default();
[INFO] [stdout]     |                     ^^ could not find `um` in `winapi`
[INFO] [stdout] 
[INFO] [stdout] 
[INFO] [stdout] error[E0433]: failed to resolve: could not find `um` in `winapi`
[INFO] [stdout]    --> src/main.rs:368:62
[INFO] [stdout]     |
[INFO] [stdout] 368 |         module_entry_32.dwSize = std::mem::size_of::<winapi::um::tlhelp32::MODULEENTRY32>() as u32;
[INFO] [stdout]     |                                                              ^^ could not find `um` in `winapi`
[INFO] [stdout] 
[INFO] [stdout] 
[INFO] [stdout] error[E0433]: failed to resolve: could not find `um` in `winapi`
[INFO] [stdout]    --> src/main.rs:369:35
[INFO] [stdout]     |
[INFO] [stdout] 369 |         if match unsafe { winapi::um::tlhelp32::Module32First(h_snapshot, &mut module_entry_32) } {
[INFO] [stdout]     |                                   ^^ could not find `um` in `winapi`
[INFO] [stdout] 
[INFO] [stdout] 
[INFO] [stdout] error[E0433]: failed to resolve: could not find `um` in `winapi`
[INFO] [stdout]    --> src/main.rs:385:29
[INFO] [stdout]     |
[INFO] [stdout] 385 |                     winapi::um::tlhelp32::Module32Next(h_snapshot, &mut module_entry_32)
[INFO] [stdout]     |                             ^^ could not find `um` in `winapi`
[INFO] [stdout] 
[INFO] [stdout] 
[INFO] [stdout] error[E0433]: failed to resolve: could not find `um` in `winapi`
[INFO] [stdout]    --> src/main.rs:411:21
[INFO] [stdout]     |
[INFO] [stdout] 411 |             winapi::um::handleapi::CloseHandle(h_snapshot);
[INFO] [stdout]     |                     ^^ could not find `um` in `winapi`
[INFO] [stdout] 
[INFO] [stdout] 
[INFO] [stdout] error[E0433]: failed to resolve: could not find `um` in `winapi`
[INFO] [stdout]    --> src/main.rs:416:30
[INFO] [stdout]     |
[INFO] [stdout] 416 |             unsafe { winapi::um::errhandlingapi::GetLastError() }
[INFO] [stdout]     |                              ^^ could not find `um` in `winapi`
[INFO] [stdout] 
[INFO] [stdout] 
[INFO] [stdout] error[E0425]: cannot find value `VK_LCONTROL` in this scope
[INFO] [stdout]    --> src/main.rs:233:23
[INFO] [stdout]     |
[INFO] [stdout] 233 |         if vk_is_held(VK_LCONTROL) && vk_is_pressed(VK_NUMPAD9) {
[INFO] [stdout]     |                       ^^^^^^^^^^^ not found in this scope
[INFO] [stdout] 
[INFO] [stdout] 
[INFO] [stdout] error[E0425]: cannot find value `VK_NUMPAD9` in this scope
[INFO] [stdout]    --> src/main.rs:233:53
[INFO] [stdout]     |
[INFO] [stdout] 233 |         if vk_is_held(VK_LCONTROL) && vk_is_pressed(VK_NUMPAD9) {
[INFO] [stdout]     |                                                     ^^^^^^^^^^ not found in this scope
[INFO] [stdout] 
[INFO] [stdout] 
[INFO] [stdout] error[E0425]: cannot find value `VK_LCONTROL` in this scope
[INFO] [stdout]    --> src/main.rs:544:23
[INFO] [stdout]     |
[INFO] [stdout] 544 |         if vk_is_held(VK_LCONTROL) && vk_is_pressed(VK_NUMPAD8) {
[INFO] [stdout]     |                       ^^^^^^^^^^^ not found in this scope
[INFO] [stdout] 
[INFO] [stdout] 
[INFO] [stdout] error[E0425]: cannot find value `VK_NUMPAD8` in this scope
[INFO] [stdout]    --> src/main.rs:544:53
[INFO] [stdout]     |
[INFO] [stdout] 544 |         if vk_is_held(VK_LCONTROL) && vk_is_pressed(VK_NUMPAD8) {
[INFO] [stdout]     |                                                     ^^^^^^^^^^ not found in this scope
[INFO] [stdout] 
[INFO] [stdout] 
[INFO] [stdout] error: aborting due to 38 previous errors
[INFO] [stdout] 
[INFO] [stdout] 
[INFO] [stdout] Some errors have detailed explanations: E0425, E0433.
[INFO] [stdout] 
[INFO] [stdout] For more information about an error, try `rustc --explain E0425`.
[INFO] [stdout] 
[INFO] [stderr] error: could not compile `final_fantasy_vii_trainer`.
[INFO] [stdout] error[E0433]: failed to resolve: could not find `um` in `winapi`
[INFO] [stdout]    --> src/main.rs:230:17
[INFO] [stdout]     |
[INFO] [stdout] 230 |     use winapi::um::winuser::{VK_LCONTROL, VK_NUMPAD9};
[INFO] [stdout]     |                 ^^ could not find `um` in `winapi`
[INFO] [stdout] 
[INFO] [stdout] 
[INFO] [stderr] 
[INFO] [stdout] error[E0433]: failed to resolve: could not find `um` in `winapi`
[INFO] [stdout]    --> src/main.rs:541:17
[INFO] [stdout]     |
[INFO] [stdout] 541 |     use winapi::um::winuser::{VK_LCONTROL, /*VK_LMENU,*/ /*VK_LSHIFT,*/ VK_NUMPAD8};
[INFO] [stdout]     |                 ^^ could not find `um` in `winapi`
[INFO] [stdout] 
[INFO] [stdout] 
[INFO] [stderr] To learn more, run the command again with --verbose.
[INFO] [stderr] warning: build failed, waiting for other jobs to finish...
[INFO] [stdout] error[E0433]: failed to resolve: could not find `ctypes` in `winapi`
[INFO] [stdout]   --> src/main.rs:40:30
[INFO] [stdout]    |
[INFO] [stdout] 40 |         handle: *mut winapi::ctypes::c_void,
[INFO] [stdout]    |                              ^^^^^^ could not find `ctypes` in `winapi`
[INFO] [stdout] 
[INFO] [stdout] 
[INFO] [stdout] error[E0433]: failed to resolve: could not find `ctypes` in `winapi`
[INFO] [stdout]    --> src/main.rs:109:30
[INFO] [stdout]     |
[INFO] [stdout] 109 |         handle: *mut winapi::ctypes::c_void,
[INFO] [stdout]     |                              ^^^^^^ could not find `ctypes` in `winapi`
[INFO] [stdout] 
[INFO] [stdout] 
[INFO] [stdout] error[E0433]: failed to resolve: could not find `ctypes` in `winapi`
[INFO] [stdout]    --> src/main.rs:131:30
[INFO] [stdout]     |
[INFO] [stdout] 131 |         handle: *mut winapi::ctypes::c_void,
[INFO] [stdout]     |                              ^^^^^^ could not find `ctypes` in `winapi`
[INFO] [stdout] 
[INFO] [stdout] 
[INFO] [stdout] error[E0433]: failed to resolve: could not find `um` in `winapi`
[INFO] [stdout]    --> src/main.rs:240:22
[INFO] [stdout]     |
[INFO] [stdout] 240 |     unsafe { winapi::um::winuser::GetAsyncKeyState(input) & ((0x8000u16) as i16) != 0 }
[INFO] [stdout]     |                      ^^ could not find `um` in `winapi`
[INFO] [stdout] 
[INFO] [stdout] 
[INFO] [stdout] error[E0433]: failed to resolve: could not find `um` in `winapi`
[INFO] [stdout]    --> src/main.rs:244:22
[INFO] [stdout]     |
[INFO] [stdout] 244 |     unsafe { winapi::um::winuser::GetAsyncKeyState(input) & 1 != 0 }
[INFO] [stdout]     |                      ^^ could not find `um` in `winapi`
[INFO] [stdout] 
[INFO] [stdout] 
[INFO] [stdout] error[E0433]: failed to resolve: could not find `ctypes` in `winapi`
[INFO] [stdout]    --> src/main.rs:249:27
[INFO] [stdout]     |
[INFO] [stdout] 249 | ) -> Result<(*mut winapi::ctypes::c_void, u32), String> {
[INFO] [stdout]     |                           ^^^^^^ could not find `ctypes` in `winapi`
[INFO] [stdout] 
[INFO] [stdout] 
[INFO] [stdout] error[E0433]: failed to resolve: could not find `um` in `winapi`
[INFO] [stdout]    --> src/main.rs:251:33
[INFO] [stdout]     |
[INFO] [stdout] 251 |     let hwnd = unsafe { winapi::um::winuser::FindWindowA(std::ptr::null(), game_name.as_ptr()) };
[INFO] [stdout]     |                                 ^^ could not find `um` in `winapi`
[INFO] [stdout] 
[INFO] [stdout] 
[INFO] [stdout] error[E0433]: failed to resolve: could not find `um` in `winapi`
[INFO] [stdout]    --> src/main.rs:256:30
[INFO] [stdout]     |
[INFO] [stdout] 256 |             unsafe { winapi::um::errhandlingapi::GetLastError() }
[INFO] [stdout]     |                              ^^ could not find `um` in `winapi`
[INFO] [stdout] 
[INFO] [stdout] 
[INFO] [stdout] error[E0433]: failed to resolve: could not find `um` in `winapi`
[INFO] [stdout]    --> src/main.rs:264:22
[INFO] [stdout]     |
[INFO] [stdout] 264 |     unsafe { winapi::um::winuser::GetWindowThreadProcessId(hwnd, &mut proc_id) };
[INFO] [stdout]     |                      ^^ could not find `um` in `winapi`
[INFO] [stdout] 
[INFO] [stdout] 
[INFO] [stdout] error[E0433]: failed to resolve: could not find `um` in `winapi`
[INFO] [stdout]    --> src/main.rs:268:17
[INFO] [stdout]     |
[INFO] [stdout] 268 |         winapi::um::processthreadsapi::OpenProcess(
[INFO] [stdout]     |                 ^^ could not find `um` in `winapi`
[INFO] [stdout] 
[INFO] [stdout] 
[INFO] [stdout] error[E0433]: failed to resolve: could not find `um` in `winapi`
[INFO] [stdout]    --> src/main.rs:269:21
[INFO] [stdout]     |
[INFO] [stdout] 269 |             winapi::um::winnt::PROCESS_VM_READ
[INFO] [stdout]     |                     ^^ could not find `um` in `winapi`
[INFO] [stdout] 
[INFO] [stdout] 
[INFO] [stdout] error[E0433]: failed to resolve: could not find `um` in `winapi`
[INFO] [stdout]    --> src/main.rs:270:27
[INFO] [stdout]     |
[INFO] [stdout] 270 |                 | winapi::um::winnt::PROCESS_VM_WRITE
[INFO] [stdout]     |                           ^^ could not find `um` in `winapi`
[INFO] [stdout] 
[INFO] [stdout] 
[INFO] [stdout] error[E0433]: failed to resolve: could not find `um` in `winapi`
[INFO] [stdout]    --> src/main.rs:271:27
[INFO] [stdout]     |
[INFO] [stdout] 271 |                 | winapi::um::winnt::PROCESS_VM_OPERATION,
[INFO] [stdout]     |                           ^^ could not find `um` in `winapi`
[INFO] [stdout] 
[INFO] [stdout] 
[INFO] [stdout] error[E0433]: failed to resolve: could not find `um` in `winapi`
[INFO] [stdout]    --> src/main.rs:280:30
[INFO] [stdout]     |
[INFO] [stdout] 280 |             unsafe { winapi::um::errhandlingapi::GetLastError() }
[INFO] [stdout]     |                              ^^ could not find `um` in `winapi`
[INFO] [stdout] 
[INFO] [stdout] 
[INFO] [stdout] error[E0433]: failed to resolve: could not find `um` in `winapi`
[INFO] [stdout]    --> src/main.rs:288:30
[INFO] [stdout]     |
[INFO] [stdout] 288 |             unsafe { winapi::um::errhandlingapi::GetLastError() }
[INFO] [stdout]     |                              ^^ could not find `um` in `winapi`
[INFO] [stdout] 
[INFO] [stdout] 
[INFO] [stdout] error[E0433]: failed to resolve: could not find `um` in `winapi`
[INFO] [stdout]    --> src/main.rs:301:21
[INFO] [stdout]     |
[INFO] [stdout] 301 |     handle: winapi::um::winnt::HANDLE,
[INFO] [stdout]     |                     ^^ could not find `um` in `winapi`
[INFO] [stdout] 
[INFO] [stdout] 
[INFO] [stdout] error[E0433]: failed to resolve: could not find `um` in `winapi`
[INFO] [stdout]    --> src/main.rs:308:17
[INFO] [stdout]     |
[INFO] [stdout] 308 |         winapi::um::memoryapi::ReadProcessMemory(
[INFO] [stdout]     |                 ^^ could not find `um` in `winapi`
[INFO] [stdout] 
[INFO] [stdout] 
[INFO] [stdout] error[E0433]: failed to resolve: could not find `um` in `winapi`
[INFO] [stdout]    --> src/main.rs:320:25
[INFO] [stdout]     |
[INFO] [stdout] 320 |                 winapi::um::errhandlingapi::GetLastError()
[INFO] [stdout]     |                         ^^ could not find `um` in `winapi`
[INFO] [stdout] 
[INFO] [stdout] 
[INFO] [stdout] error[E0433]: failed to resolve: could not find `um` in `winapi`
[INFO] [stdout]    --> src/main.rs:330:21
[INFO] [stdout]     |
[INFO] [stdout] 330 |     handle: winapi::um::winnt::HANDLE,
[INFO] [stdout]     |                     ^^ could not find `um` in `winapi`
[INFO] [stdout] 
[INFO] [stdout] 
[INFO] [stdout] error[E0433]: failed to resolve: could not find `um` in `winapi`
[INFO] [stdout]    --> src/main.rs:337:17
[INFO] [stdout]     |
[INFO] [stdout] 337 |         winapi::um::memoryapi::WriteProcessMemory(
[INFO] [stdout]     |                 ^^ could not find `um` in `winapi`
[INFO] [stdout] 
[INFO] [stdout] 
[INFO] [stdout] error[E0433]: failed to resolve: could not find `um` in `winapi`
[INFO] [stdout]    --> src/main.rs:349:25
[INFO] [stdout]     |
[INFO] [stdout] 349 |                 winapi::um::errhandlingapi::GetLastError()
[INFO] [stdout]     |                         ^^ could not find `um` in `winapi`
[INFO] [stdout] 
[INFO] [stdout] 
[INFO] [stdout] error[E0433]: failed to resolve: could not find `um` in `winapi`
[INFO] [stdout]    --> src/main.rs:359:17
[INFO] [stdout]     |
[INFO] [stdout] 359 |         winapi::um::tlhelp32::CreateToolhelp32Snapshot(
[INFO] [stdout]     |                 ^^ could not find `um` in `winapi`
[INFO] [stdout] 
[INFO] [stdout] 
[INFO] [stdout] error[E0433]: failed to resolve: could not find `um` in `winapi`
[INFO] [stdout]    --> src/main.rs:360:21
[INFO] [stdout]     |
[INFO] [stdout] 360 |             winapi::um::tlhelp32::TH32CS_SNAPMODULE | winapi::um::tlhelp32::TH32CS_SNAPMODULE32,
[INFO] [stdout]     |                     ^^ could not find `um` in `winapi`
[INFO] [stdout] 
[INFO] [stdout] 
[INFO] [stdout] error[E0433]: failed to resolve: could not find `um` in `winapi`
[INFO] [stdout]    --> src/main.rs:360:63
[INFO] [stdout]     |
[INFO] [stdout] 360 |             winapi::um::tlhelp32::TH32CS_SNAPMODULE | winapi::um::tlhelp32::TH32CS_SNAPMODULE32,
[INFO] [stdout]     |                                                               ^^ could not find `um` in `winapi`
[INFO] [stdout] 
[INFO] [stdout] 
[INFO] [stdout] error[E0433]: failed to resolve: could not find `um` in `winapi`
[INFO] [stdout]    --> src/main.rs:365:30
[INFO] [stdout]     |
[INFO] [stdout] 365 |     if h_snapshot != winapi::um::handleapi::INVALID_HANDLE_VALUE {
[INFO] [stdout]     |                              ^^ could not find `um` in `winapi`
[INFO] [stdout] 
[INFO] [stdout] 
[INFO] [stdout] error[E0433]: failed to resolve: could not find `um` in `winapi`
[INFO] [stdout]    --> src/main.rs:366:42
[INFO] [stdout]     |
[INFO] [stdout] 366 |         let mut module_entry_32: winapi::um::tlhelp32::MODULEENTRY32 =
[INFO] [stdout]     |                                          ^^ could not find `um` in `winapi`
[INFO] [stdout] 
[INFO] [stdout] 
[INFO] [stdout] error[E0433]: failed to resolve: could not find `um` in `winapi`
[INFO] [stdout]    --> src/main.rs:367:21
[INFO] [stdout]     |
[INFO] [stdout] 367 |             winapi::um::tlhelp32::MODULEENTRY32::default();
[INFO] [stdout]     |                     ^^ could not find `um` in `winapi`
[INFO] [stdout] 
[INFO] [stdout] 
[INFO] [stdout] error[E0433]: failed to resolve: could not find `um` in `winapi`
[INFO] [stdout]    --> src/main.rs:368:62
[INFO] [stdout]     |
[INFO] [stdout] 368 |         module_entry_32.dwSize = std::mem::size_of::<winapi::um::tlhelp32::MODULEENTRY32>() as u32;
[INFO] [stdout]     |                                                              ^^ could not find `um` in `winapi`
[INFO] [stdout] 
[INFO] [stdout] 
[INFO] [stdout] error[E0433]: failed to resolve: could not find `um` in `winapi`
[INFO] [stdout]    --> src/main.rs:369:35
[INFO] [stdout]     |
[INFO] [stdout] 369 |         if match unsafe { winapi::um::tlhelp32::Module32First(h_snapshot, &mut module_entry_32) } {
[INFO] [stdout]     |                                   ^^ could not find `um` in `winapi`
[INFO] [stdout] 
[INFO] [stdout] 
[INFO] [stdout] error[E0433]: failed to resolve: could not find `um` in `winapi`
[INFO] [stdout]    --> src/main.rs:385:29
[INFO] [stdout]     |
[INFO] [stdout] 385 |                     winapi::um::tlhelp32::Module32Next(h_snapshot, &mut module_entry_32)
[INFO] [stdout]     |                             ^^ could not find `um` in `winapi`
[INFO] [stdout] 
[INFO] [stdout] 
[INFO] [stdout] error[E0433]: failed to resolve: could not find `um` in `winapi`
[INFO] [stdout]    --> src/main.rs:411:21
[INFO] [stdout]     |
[INFO] [stdout] 411 |             winapi::um::handleapi::CloseHandle(h_snapshot);
[INFO] [stdout]     |                     ^^ could not find `um` in `winapi`
[INFO] [stdout] 
[INFO] [stdout] 
[INFO] [stdout] error[E0433]: failed to resolve: could not find `um` in `winapi`
[INFO] [stdout]    --> src/main.rs:416:30
[INFO] [stdout]     |
[INFO] [stdout] 416 |             unsafe { winapi::um::errhandlingapi::GetLastError() }
[INFO] [stdout]     |                              ^^ could not find `um` in `winapi`
[INFO] [stdout] 
[INFO] [stdout] 
[INFO] [stdout] error[E0425]: cannot find value `VK_LCONTROL` in this scope
[INFO] [stdout]    --> src/main.rs:233:23
[INFO] [stdout]     |
[INFO] [stdout] 233 |         if vk_is_held(VK_LCONTROL) && vk_is_pressed(VK_NUMPAD9) {
[INFO] [stdout]     |                       ^^^^^^^^^^^ not found in this scope
[INFO] [stdout] 
[INFO] [stdout] 
[INFO] [stdout] error[E0425]: cannot find value `VK_NUMPAD9` in this scope
[INFO] [stdout]    --> src/main.rs:233:53
[INFO] [stdout]     |
[INFO] [stdout] 233 |         if vk_is_held(VK_LCONTROL) && vk_is_pressed(VK_NUMPAD9) {
[INFO] [stdout]     |                                                     ^^^^^^^^^^ not found in this scope
[INFO] [stdout] 
[INFO] [stdout] 
[INFO] [stdout] error[E0425]: cannot find value `VK_LCONTROL` in this scope
[INFO] [stdout]    --> src/main.rs:544:23
[INFO] [stdout]     |
[INFO] [stdout] 544 |         if vk_is_held(VK_LCONTROL) && vk_is_pressed(VK_NUMPAD8) {
[INFO] [stdout]     |                       ^^^^^^^^^^^ not found in this scope
[INFO] [stdout] 
[INFO] [stdout] 
[INFO] [stdout] error[E0425]: cannot find value `VK_NUMPAD8` in this scope
[INFO] [stdout]    --> src/main.rs:544:53
[INFO] [stdout]     |
[INFO] [stdout] 544 |         if vk_is_held(VK_LCONTROL) && vk_is_pressed(VK_NUMPAD8) {
[INFO] [stdout]     |                                                     ^^^^^^^^^^ not found in this scope
[INFO] [stdout] 
[INFO] [stdout] 
[INFO] [stdout] error: aborting due to 38 previous errors
[INFO] [stdout] 
[INFO] [stdout] 
[INFO] [stdout] Some errors have detailed explanations: E0425, E0433.
[INFO] [stdout] 
[INFO] [stdout] For more information about an error, try `rustc --explain E0425`.
[INFO] [stdout] 
[INFO] [stderr] error: build failed
[INFO] running `Command { std: "docker" "inspect" "930b0ecaeb3649b714c58a492cff798b6c147f6efe764008ac68fe93b365a4f6", kill_on_drop: false }`
[INFO] running `Command { std: "docker" "rm" "-f" "930b0ecaeb3649b714c58a492cff798b6c147f6efe764008ac68fe93b365a4f6", kill_on_drop: false }`
[INFO] [stdout] 930b0ecaeb3649b714c58a492cff798b6c147f6efe764008ac68fe93b365a4f6
